n**2 - 7*n + 1. Determine g(1).
-48
Let v(l) = -l**3 - 12*l**2 + 27*l - 27. Calculate v(-11).
-445
Let x(p) = -62*p + 131. What is x(6)?
-241
Let z(y) = -y**2 - 262*y - 1311. Give z(-5).
-26
Let n(o) = 2*o**2 - 51*o - 76. Determine n(27).
5
Let r(c) = 5*c**2 - 6*c + 3. Calculate r(3).
30
Let y(k) = k**2 + 35*k - 27. Determine y(-30).
-177
Let r(n) = -4*n**2 - 6*n + 6. Determine r(-7).
-148
Let v(o) = 255*o + 36. Calculate v(0).
36
Let s(n) = n**3 + 16*n**2 - 19*n - 48. What is s(-17)?
-14
Let q(f) = -3*f**2 + 625*f - 846. Determine q(207).
-18
Let u(k) = 116*k + 364. Calculate u(-3).
16
Let z(w) = 50*w + 1300. What is z(-26)?
0
Let w(r) = -15*r - 504. Give w(-32).
-24
Let h(c) = 94*c + 216. What is h(-6)?
-348
Let u(i) = 17*i - 743. Give u(45).
22
Let g(v) = -3*v + 401. What is g(29)?
314
Let f(y) = -2*y**3 + 22*y**2 + 14*y + 145. Give f(12).
25
Let u(j) = 2*j**2 - 70*j + 48. Give u(38).
276
Let q(k) = -k**2 - 54*k + 30301. Determine q(149).
54
Let a(c) = 2*c**3 + 44*c**2 - 118*c - 92. Give a(3).
4
Let m(a) = 208*a + 418. Determine m(-2).
2
Let f(r) = -6*r**3 + 35*r - 143. What is f(4)?
-387
Let p(x) = -2*x**3 + x**2 + x - 6. Calculate p(-4).
134
Let i(d) = 8*d**3 + 3*d**2 - 9*d + 13. Give i(2).
71
Let i(t) = -4*t**3 - 28*t**2 - 2*t - 17. Calculate i(-7).
-3
Let a(h) = 649*h + 1051. What is a(-2)?
-247
Let s(u) = 48*u - 3023. What is s(63)?
1
Let y(c) = -10*c**2 - 33*c - 8. What is y(-5)?
-93
Let f(x) = -87*x - 4443. Calculate f(-51).
-6
Let h(y) = y**3 + 38*y**2 - 36*y + 134. Determine h(-39).
17
Let g(j) = -j**2 + 178*j - 4171. Calculate g(27).
-94
Let o(g) = 59*g - 157. Calculate o(7).
256
Let o(r) = r**3 - r**2 + 133*r + 9. Determine o(0).
9
Let g(l) = l**2 + 40*l + 327. Give g(-11).
8
Let a(b) = -759*b**2 - 23*b - 27. What is a(-1)?
-763
Let f(j) = -j**3 - 21*j**2 - 6*j - 626. Calculate f(-22).
-10
Let i(x) = 3*x**2 + 18*x - 37. What is i(-11)?
128
Let o(i) = 185*i**2 + 9*i - 3. Determine o(-1).
173
Let s(c) = c**3 + 114*c**2 + 38*c - 8489. Calculate s(-113).
-14
Let w(c) = -4*c**3 + 38*c**2 - 14*c - 67. Give w(9).
-31
Let n(v) = -95*v**2 + 20*v. Calculate n(1).
-75
Let k(z) = 96*z + 1019. Calculate k(-11).
-37
Let f(w) = 7*w**2 - 61*w + 42. Determine f(10).
132
Let d(l) = -15*l + 17. Determine d(-1).
32
Let q(z) = -5*z**2 - 21*z + 29. Calculate q(-6).
-25
Let x(a) = -a**3 + 8*a**2 - 12*a - 21. What is x(5)?
-6
Let h(x) = x**2 + 14*x - 641. Calculate h(20).
39
Let s(g) = -2*g**3 + 67*g**2 - 154*g + 43. What is s(31)?
74
Let b(s) = 9*s + 174. Calculate b(-16).
30
Let q(p) = -p**3 + 14*p**2 + 53*p - 38. What is q(17)?
-4
Let l(f) = -10*f**2 - 827*f + 237. Determine l(-83).
-12
Let v(a) = -7*a - 136. What is v(-17)?
-17
Let l(p) = 15584*p - 93499. Calculate l(6).
5
Let g(w) = w**2 + 15*w + 6. What is g(-5)?
-44
Let c(m) = 38*m + 207. Determine c(-3).
93
Let c(m) = -187*m + 4312. Calculate c(23).
11
Let y(v) = 795*v - 10340. Give y(13).
-5
Let d(f) = -2*f**2 + 6*f + 47. What is d(-13)?
-369
Let q(r) = r**3 + 3*r**2 - 327*r - 2075. What is q(-7)?
18
Let c(o) = 3*o**3 + 13*o**2 - 6*o - 4. What is c(-6)?
-148
Let s(k) = 601*k - 101566. Determine s(169).
3
Let r(g) = -184*g**3 + 3*g - 3. Give r(1).
-184
Let n(d) = d**3 + 13*d**2 + 21*d - 97. Determine n(-10).
-7
Let t(i) = 167*i**2 + 32*i + 12. What is t(-1)?
147
Let n(x) = 3860*x - 46314. Determine n(12).
6
Let q(p) = -p**3 + 23. Determine q(-5).
148
Let w(a) = 370*a + 6737. Determine w(-18).
77
Let f(n) = n**3 + 8*n**2 - 453*n - 4335. Determine f(-10).
-5
Let j(r) = r**2 + 110*r + 206. Give j(-108).
-10
Let b(i) = -3*i**2 + 25*i - 11. Determine b(16).
-379
Let p(g) = -31*g + 1625. Calculate p(53).
-18
Let n(i) = i**3 - 16*i**2 - 19*i + 351. Give n(16).
47
Let k(h) = h**2 + 11*h - 147. What is k(-19)?
5
Let m(d) = -d**2 + 35*d + 101. What is m(-3)?
-13
Let x(a) = -79*a - 398. Calculate x(-9).
313
Let r(m) = -m**2 - 16*m + 12. Determine r(-22).
-120
Let r(g) = 85*g**2 + 109*g + 110. Give r(-1).
86
Let d(b) = b**2 + 21*b + 53. Give d(-3).
-1
Let d(n) = -109*n - 7087. Determine d(-65).
-2
Let o(k) = k**3 - 64*k**2 - 5*k + 279. What is o(64)?
-41
Let o(z) = -z**3 + 3*z**2 + 71*z - 216. What is o(3)?
-3
Let g(w) = w**3 - 173*w**2 - 153*w - 3626. Determine g(174).
28
Let s(k) = k**3 + 13*k**2 - 210*k - 2947. Give s(-14).
-203
Let o(y) = -15*y**2 - 135*y - 42. What is o(-10)?
-192
Let m(q) = -281*q - 1124. Determine m(-4).
0
Let w(n) = 3*n**2 + 141*n - 395. Calculate w(-48).
-251
Let v(s) = -15*s**2 - 402*s + 165. What is v(-27)?
84
Let a(r) = -r**3 + 26*r**2 + 4*r - 93. Calculate a(26).
11
Let l(t) = -t**3 + 11*t**2 + 3*t - 10. What is l(11)?
23
Let d(j) = 2*j**3 - 3*j**2 - 66*j - 14. Calculate d(-6).
-158
Let d(q) = -q**2 - 20*q + 518. Calculate d(14).
42
Let w(t) = 40*t + 780. Give w(-21).
-60
Let o(q) = q**2 - 9*q - 16. Calculate o(4).
-36
Let j(l) = 10*l**2 - 70*l - 19. Give j(7).
-19
Let o(a) = a**3 - 8*a**2 + 17*a - 78. Give o(7).
-8
Let b(c) = -2*c**3 + 9*c**2 - 33*c + 57. What is b(3)?
-15
Let c(j) = -7*j**2 + 16*j + 313. Calculate c(8).
-7
Let d(q) = q**3 - 44*q**2 - 150*q + 11197. Determine d(41).
4
Let o(h) = -h**3 - 5*h**2 - 2*h - 21. What is o(-5)?
-11
Let u(b) = b**3 - 23*b**2 - 429*b + 110. Determine u(35).
-205
Let s(i) = -460*i - 120519. Determine s(-262).
1
Let x(j) = 5*j**2 - 55*j + 102. Determine x(8).
-18
Let c(r) = 2*r**2 - 15*r - 32. Calculate c(6).
-50
Let x(m) = -m**3 - 18*m**2 + 27*m + 936. What is x(-16)?
-8
Let c(r) = -67*r**2 - 12*r + 25. Calculate c(2).
-267
Let s(i) = -180*i + 3957. Calculate s(22).
-3
Let m(i) = -4*i**3 + 6*i**2 + i - 7. Determine m(2).
-13
Let f(k) = -2*k**3 + 34*k**2 - 27*k - 203. Give f(16).
-123
Let m(x) = 2*x**3 + 109*x**2 - 52*x + 4. Give m(-55).
-161
Let n(o) = -o**3 - 57*o**2 + 352*o + 22850. Determine n(-56).
2
Let h(z) = 16*z**2 - 128*z - 383. Give h(-3).
145
Let w(l) = -l**3 + 35*l**2 + 35*l + 61. Calculate w(36).
25
Let b(g) = 3*g**3 + 87*g**2 + g + 21. Give b(-29).
-8
Let w(b) = 159*b + 4265. What is w(-27)?
-28
Let n(z) = 357*z - 1073. What is n(3)?
-2
Let i(n) = 3*n**3 - 101*n**2 - 21*n - 438. Determine i(34).
4
Let p(i) = -i**2 + 43*i - 96. Give p(41).
-14
Let k(a) = -a**2 + 28*a + 292. Calculate k(-8).
4
Let v(b) = -149*b + 11650. What is v(78)?
28
Let g(z) = 2*z**2 - z - 445. Calculate g(-14).
-39
Let v(h) = -18*h**2 + 575*h + 18. Give v(32).
-14
Let l(b) = -b**2 - 17*b - 143. What is l(-19)?
-181
Let x(y) = -30*y + 266. Give x(8).
26
Let j(f) = -f**3 + f**2 + 269*f + 9. Give j(0).
9
Let r(k) = -k**3 + 50*k**2 + 47*k + 223. Give r(51).
19
Let y(v) = v**2 + 30*v + 65. Determine y(-26).
-39
Let m(x) = x**3 - 21*x**2 + 68*x + 6. Give m(17).
6
Let i(k) = -2*k**3 + 9*k**2 - 4*k + 13. Determine i(5).
-32
Let w(c) = c**2 + 18*c - 111. What is w(12)?
249
Let r(y) = 29*y**2 - 44*y + 119. What is r(3)?
248
Let l(q) = -q**3 - 16*q**2 + 116*q + 260. What is l(-21)?
29
Let p(n) = -9*n**2 - 28*n + 67. Give p(-5).
-18
Let g(a) = -a**2 + 64*a + 210. What is g(68)?
-62
Let p(y) = -y**3 + 3*y**2 + 17*y - 56. Give p(3).
-5
Let y(f) = -f**3 + 6*f**2 + 123*f - 862. Calculate y(9).
2
Let y(s) = 9*s + 327. What is y(-35)?
12
Let m(x) = 4*x**3 - 40*x**2 - 12*x + 106. Give m(10).
-14
Let l(c) = 4*c**3 - 153*c**2 + 30*c + 305. Give l(38).
1
Let z(n) = -14*n**2 + 2*n + 6. Determine z(0).
6
Let r(p) = 34*p - 49. What is r(-6)?
-253
Let i(l) = l**3 + 9*l**2 - 1387*l - 54. Determine i(-42).
-12
Let g(b) = -b**2 + 98*b + 745. What is g(-7)?
10
Let i(w) = w**3 - 228*w**2 + 227*w + 52. Determine i(227).
52
Let z(s) = -16*s**2 - 1763*s - 328. Give z(-110).
2
Let i(p) = -18*p**2 - 304*p + 34. Determine i(-17).
0
Let w(n) = n**3 + 22*n**2 + 34*n - 13. Determine w(-20).
107
Let g(i) = i**2 - 8*i + 97. What is g(9)?
106
Let x(b) = -2506*b + 92728. Give x(37).
6
Let o(s) = s + 309. What is o(18)?
327
Let w(d) = -d**3 - 34*d**2 - 36*d - 1227. What is w(-34)?
-3
Let m(q) = 185*q - 63. What is m(2)?
307
Let m(w) = 2*w**3 + 9*w**2 + 2*w + 70. Calculate m(-7).
-189
Let v(i) = -2*i**2 - i - 9. What is v(-3)?
-24
Let l(m) = m**3 + 129*m**2 + 502*m + 10. Give l(-4).
2
Let o(y) = -y**3 - 37*y**2 - 40*y - 7. What is o(-36)?
137
Let v(h) = -8*h**3 - 94*h**2 + 36*h + 148. Calculate v(-12).
4
Let w(a) = -10*a - 157. What is w(11)?
-267
Let t(d) = -7*d**2 + 33*d - 167. Calculate t(7